he units digit of c?
9
Let w = 9 - 31. Let y be (-3)/6*w/1. Suppose 0 = -4*q + y + 5. What is the units digit of q?
4
Let p(f) be the second derivative of f**3/6 - 7*f**2/2 - 10*f. Let o be p(3). What is the units digit of (2 + -5)*28/o?
1
Suppose 5*t = -2 + 17. Suppose 150 = t*k - 2*f - 2*f, 0 = -2*f + 6. Suppose 0 = 16*p - 18*p + k. What is the tens digit of p?
2
Let z(d) = 1968*d - 623. What is the thousands digit of z(3)?
5
Suppose -55*b + 2950 = -50*b. What is the units digit of b?
0
Suppose 5*z + 37 = 4*c, -9 = 4*c - 1. Suppose 3*a - 47 = -1175. What is the tens digit of a/(-9) + (-2)/z?
4
Let w = 13 + -8. Suppose 498 = w*c + 3*j, -2*c + 0*j = -4*j - 220. What is the units digit of c?
2
Let l(q) = q**2 + 26. Let x be (-2)/((-6)/15 - 0). Let t(p) = -p**2 + 6*p - 5. Let v be t(x). What is the units digit of l(v)?
6
Suppose -76945 = -33*j + 803. What is the hundreds digit of j?
3
Let m(o) = o**2 - 18*o + 54. Let l be m(11). Let a = -23 - -75. Let u = a + l. What is the tens digit of u?
2
Let a be -1*(-36)/3 - (1 - 0). Suppose a*h - 1545 = -4*h. What is the hundreds digit of h?
1
Let j(x) = 31*x + 66. What is the units digit of j(-2)?
4
Let d(g) = -g**3 - 7*g**2 + g - 3. Let l be d(-7). Let f = l + 16. What is the tens digit of (-159)/(-9) - f/9?
1
Suppose 4*i + 112 = 12*i. Let a = 51 + i. What is the tens digit of a?
6
Let z be 3*((-15)/5 - -10). Let s = z - -11. What is the units digit of s?
2
Suppose 0 = -5*w - 4*q + 48 + 28, -3*q + 36 = 2*w. What is the units digit of w?
2
Let u(g) = -g**2 - g + 20. Let r be u(-5). Suppose 0*i - i - 2 = 0, r = 4*z + 3*i - 578. What is the hundreds digit of z?
1
Suppose -2*s - 3*s = -x, 2*x - 3*s = 7. Let r(b) = -b**2 + 15*b - 12. What is the units digit of r(x)?
8
Let z(k) = 11*k**2 - 14. Let i(t) = 13*t**2 - t - 15. Let c(d) = 6*i(d) - 7*z(d). Let q = 10 - 0. What is the tens digit of c(q)?
4
Suppose 14*k - 9 = 11*k. Suppose k*w = -3*p + 327, w + 7*p = 11*p + 124. What is the hundreds digit of w?
1
What is the units digit of 1*-6 + (3942 - (-18)/(-6))?
3
Let u(k) = -k + 35. Let l be u(6). What is the units digit of (-5)/(-10)*2*l?
9
Let l(c) = 1322*c**2 + 7*c + 16. What is the thousands digit of l(-2)?
5
Suppose -6*r + 5*r + 1 = 0. Let u = 3 - r. Suppose -3*t + 2*t - s + 12 = 0, u = -s. What is the tens digit of t?
1
Let o(b) = 5*b**2 - 11*b + 11. Let v be o(8). Let h = 54 - 54. Suppose h = -5*u + v - 28. What is the tens digit of u?
4
Let g(h) = -h**3 - 6*h**2 - 5*h + 2. Let q be g(-5). Suppose 0 = -q*v + 5 + 19. Suppose -47 - v = -z. What is the units digit of z?
9
Let t = 45 - 43. Suppose 0 = 4*w + x - 193, 5*w + 2*x + t*x - 244 = 0. What is the tens digit of w?
4
Let g(d) = 4*d + d**3 + 8*d**2 + 4*d - 17 + 20. What is the units digit of g(-5)?
8
Let b(i) = 4*i + 42. What is the hundreds digit of b(17)?
1
Let t = -7 + 7. What is the tens digit of (20 + t)/(-2 - -4)?
1
Suppose l = -13*a + 12*a + 3, -12 = -5*a - 2*l. Suppose 5*z = a*s - 3 - 14, 5*s - 3*z = 33. What is the units digit of s?
6
Let d(o) = -o**3 - 15*o**2 + o + 21. Let q be d(-11). Let w = -251 - q. What is the units digit of w?
3
Let c(x) = 288*x - 419. What is the thousands digit of c(7)?
1
Suppose 5*u + z - 12143 = 3993, -4*z = 4*u - 12912. What is the hundreds digit of u?
2
Let s(a) = -3*a**3 + 3*a**2 - 9*a + 207. Let y(q) = q**3 - q**2 + 4*q - 103. Let z(f) = -2*s(f) - 5*y(f). What is the tens digit of z(0)?
0
Let d = 89 + -155. Let r = d - -145. What is the units digit of r?
9
Suppose 4*c - y = 3*y - 32, 4*c + 2*y + 8 = 0. Let v be -3*c/(-5)*-40. Suppose -3*o + v = o. What is the units digit of o?
4
Suppose -4 = -4*i - 12. What is the units digit of (-2816)/(-112) - i/(-14)?
5
Let k be 1 + (-1 - 0) + -7. What is the units digit of 12/k*(1 - 9/2)?
6
Let z(p) be the third derivative of p**6/120 + 7*p**5/60 + p**4/12 - 5*p**3/6 - 228*p**2. Suppose -5*t - 2 = 23. What is the tens digit of z(t)?
3
Let h = -1144 - -3442. What is the tens digit of h?
9
Suppose h + 7 = -2*a + 4*h, 0 = -3*h + 9. Suppose 4*c - a = d - c, 2*d - 33 = 3*c. What is the tens digit of d?
2
Let q(o) = o**2 + 9*o - 12. Let y be q(14). Suppose 4*u = -4*i + 3*i + 239, -5*u + i + y = 0. What is the tens digit of u?
6
Let g = 459 - 333. What is the tens digit of g?
2
Suppose 2*n - 8 = 3*o, -2*o = 3*o - 4*n + 16. Suppose o = -0*w - 2*w + 170. Suppose 5*c - w = -0*c. What is the tens digit of c?
1
Let n(g) = 60*g**2 - 6*g + 70. What is the units digit of n(5)?
0
What is the tens digit of ((-11)/((-165)/(-10)))/(2/(-1719))?
7
Suppose 14*v - 528 = 12*v. Let d = -172 + v. What is the tens digit of d?
9
Suppose 2*n = 3*r - 15, -n - 2*n + 6 = 5*r. Let c be (-49)/(-5) - (-13)/65. Suppose 2*j = -3*u + 20, c = r*u - 0*u + 4*j. What is the units digit of u?
0
Let s(u) = 3*u**2 - 18*u + 24. What is the tens digit of s(-11)?
8
Suppose 5*o + 5 = 0, 12 = 4*u - 4*o - 4. Let x(z) = -4*z**2 + 9*z**2 - 9*z - 8 + 1 - u. What is the tens digit of x(5)?
7
Suppose -2*g = -4*g + 1164. What is the hundreds digit of g?
5
Let x be (16 + -1)*20/15. What is the tens digit of ((-16)/x)/((-1)/65)?
5
Suppose 18*b - 333 = 207. Let q be ((-9)/2)/((-2)/4). What is the units digit of (-12)/q + b/9?
2
Let j be 13/65 + (-49)/(-5). Let k be 8/j - 496/20. What is the units digit of (2/(-4))/(2/k)?
6
Let z(w) = w**3 + 9*w**2 - w - 13. Let b be z(-9). Let c be -1 + 0 + (-2 - b). Let x(m) = 26*m - 2. What is the tens digit of x(c)?
2
Let f = -38 - -85. Let u = 49 - f. What is the units digit of u?
2
Suppose 5*m + 314 = -3*c + 4125, 5*c - 6355 = -5*m. What is the thousands digit of c?
1
Let p(k) = 2191*k**2 + 9*k + 9. What is the units digit of p(-1)?
1
Let r = -26 + 1007. What is the hundreds digit of r?
9
Let l(h) = 5*h - 8. Let a(g) = 14*g - 23. Let d(m) = 4*a(m) - 11*l(m). Let z be d(8). Suppose y + 45 = z*y. What is the tens digit of y?
1
Suppose 5*i + 5 = -4*m, -m = -2*i + 4 - 6. Suppose 3*t + m*t = 5*j - 702, -j + 5*t = -136. What is the hundreds digit of j?
1
Let h(w) = 5 - 12*w**2 + 20*w**2 + 5*w - 7*w**2 - 14. Suppose 4*a + 45 = -a. What is the tens digit of h(a)?
2
Let n(j) = -15*j**3 - 2*j**2 - 2*j + 1. Let a be n(1). Let o = 5 - a. What is the tens digit of o?
2
Let t = -10 - -18. Let s(b) = -b**2 + 7*b + 9. Let x be s(t). Suppose -x + 0 = -c. What is the units digit of c?
1
Let q(n) = -6*n**3 - n**2. Let t be q(-1). Suppose -5*r = -2*m + 217, -t*m + 2*r + 331 = -2*m. What is the hundreds digit of m?
1
Suppose -12 = 4*m, a - m = -a + 19. Let y(f) be the second derivative of -f**5/20 + 2*f**4/3 + f**3/2 - 3*f**2/2 - 3*f. What is the units digit of y(a)?
1
Suppose -o - 204 = -a - 61, o = -4*a + 567. Suppose 4*l - 508 = 2*n - a, 2*l - 187 = 5*n. What is the tens digit of l?
9
Let y(r) = -2*r - 25. Let p be y(-15). Let q(h) = -2*h + h**2 - h**3 + 0*h - 1 + 4*h**2 + p. What is the tens digit of q(3)?
1
Let q(v) = 2*v + 1. Let d(s) = s - 10. Let z be d(14). Let n be q(z). Let c(b) = b - 2. What is the units digit of c(n)?
7
Suppose 17*w = -5 - 12. What is the units digit of (w + -707)/(-4) + 0 + 2?
9
Suppose -3*d = -0 - 3, -2*d + 2 = -o. Suppose 5*p + o*a = -a + 423, -2*p - 2*a = -166. What is the units digit of p?
5
Let f = -1275 - -1298. What is the tens digit of f?
2
Suppose 6*q + 26 + 28 = 0. Let h(w) = -w**3 - 9*w**2 - 3. Let r be h(q). What is the units digit of 10 - (4/4 - r)?
6
Let l = -75 + 189. Let y(x) = -5*x - 29. Let o be y(-12). Suppose -5*u + l = -o. What is the units digit of u?
9
Suppose -3*p + 2*n = -25, p + 6*n = 2*n - 15. Let y be 14 + (3 - (-1 + p)). Suppose -s + x + y = -2, 4*x + 48 = 3*s. What is the units digit of s?
2
Let h be (-3 + -3)*(-2)/(-2). Let m be h/4*232/(-12). Suppose 1 = -2*c + m. What is the units digit of c?
4
Suppose 4*f + 6 - 6 = 0. Suppose -5*v - 116 + 1036 = f. What is the hundreds digit of v?
1
Suppose 0 = -59*n + 65*n - 2160. What is the hundreds digit of n?
3
Let r = -1 + 0. Let w = r + -6. Let c(p) = p**3 + 7*p**2 - 5*p - 5. What is the tens digit of c(w)?
3
Let y = 16 + -8. Let u = y + -6. What is the units digit of (3/u)/((-36)/(-528))?
2
Suppose -3*l = -6*l + 72. Suppose -36*n + l = -33*n. What is the units digit of n?
8
Suppose 9 = -5*l - 121. Let f = l + 72. What is the tens digit of f?
4
Suppose 4*k - 5*y - 20 = -143, y + 129 = -4*k. Let q be 4 + k/(4